{"id":8,"date":"2017-03-07T08:34:20","date_gmt":"2017-03-07T08:34:20","guid":{"rendered":"http:\/\/law-firm.omnicom-dev.com\/main-demo\/?page_id=8"},"modified":"2024-10-05T03:58:41","modified_gmt":"2024-10-05T03:58:41","slug":"about-us","status":"publish","type":"page","link":"https:\/\/coex.mx\/?page_id=8","title":{"rendered":"Nosotros"},"content":{"rendered":"<section id=\"bt_bb_section69e0196045c74\" class=\"bt_bb_section bt_bb_color_scheme_1 bt_bb_layout_boxed_1200 bt_bb_vertical_align_middle bt_bb_background_overlay_alternate_gradient bt_bb_top_spacing_large bt_bb_bottom_spacing_medium bt_bb_highlighted_no\" style=\"; --section-primary-color:#ffffff; --section-secondary-color:#252525;\" data-bt-override-class=\"null\"><div class=\"bt_bb_background_image_holder_wrapper\"><div class=\"bt_bb_background_image_holder bt_bb_parallax\"  data-parallax=\"0.6\" data-parallax-offset=\"0\" data-parallax-zoom-start=\"1\" data-parallax-zoom-end=\"1\" data-parallax-blur-start=\"0\" data-parallax-blur-end=\"0\" data-parallax-opacity-start=\"1\" data-parallax-opacity-end=\"1\" style=\" background-image:url(&#039;https:\/\/coex.mx\/wp-content\/uploads\/2020\/05\/18-Transporte-internacional.jpg&#039;);\"><\/div><\/div><div class=\"bt_bb_port\"><div class=\"bt_bb_cell\"><div class=\"bt_bb_cell_inner\"><div class=\"bt_bb_row_wrapper\"><div  class=\"bt_bb_row\"  data-bt-override-class=\"{}\"><div  class=\"bt_bb_column col-xxl-12 col-xl-12 col-xs-12 col-sm-12 col-md-12 col-lg-12 bt_bb_vertical_align_top bt_bb_align_left bt_bb_padding_normal\"  data-width=\"12\" data-bt-override-class=\"{}\"><div class=\"bt_bb_column_content\"><div class=\"bt_bb_column_content_inner\"><div class=\"bt_bb_separator bt_bb_top_spacing_small bt_bb_bottom_spacing_normal bt_bb_border_style_none\"><\/div><\/div><\/div><\/div><\/div><\/div><div class=\"bt_bb_row_wrapper\"><div  class=\"bt_bb_row bt_bb_column_gap_normal\"  data-bt-override-class=\"{}\"><div  class=\"bt_bb_column col-xxl-8 col-xl-8 bt_bb_vertical_align_top bt_bb_align_left bt_bb_padding_normal\"  data-width=\"8\" data-bt-override-class=\"{}\"><div class=\"bt_bb_column_content\"><div class=\"bt_bb_column_content_inner\"><header class=\"bt_bb_headline bt_bb_dash_none bt_bb_superheadline bt_bb_size_inherit bt_bb_align_inherit\" data-bt-override-class=\"{&quot;bt_bb_size_&quot;:{&quot;current_class&quot;:&quot;bt_bb_size_inherit&quot;,&quot;xxl&quot;:&quot;inherit&quot;,&quot;xl&quot;:&quot;inherit&quot;},&quot;bt_bb_align_&quot;:{&quot;current_class&quot;:&quot;bt_bb_align_inherit&quot;,&quot;xxl&quot;:&quot;inherit&quot;,&quot;xl&quot;:&quot;inherit&quot;}}\"><h1 class=\"bt_bb_headline_tag\"><span class=\"bt_bb_headline_superheadline\">Comercio Exterior Agentes Aduanales SC<\/span><span class=\"bt_bb_headline_content\"><span>Nosotros<\/span><\/span><\/h1><\/header><\/div><\/div><\/div><div  class=\"bt_bb_column col-xxl-4 col-xl-4 bt_bb_vertical_align_top bt_bb_align_left bt_bb_padding_normal\"  data-width=\"4\" data-bt-override-class=\"{}\"><div class=\"bt_bb_column_content\"><div class=\"bt_bb_column_content_inner\"><\/div><\/div><\/div><\/div><\/div><\/div><!-- cell_inner --><\/div><!-- cell --><\/div><!-- port --><\/section><section id=\"bt_bb_section69e019604622d\" class=\"bt_bb_section bt_bb_layout_wide bt_bb_vertical_align_top bt_bb_highlighted_no\"  data-bt-override-class=\"null\"><div class=\"bt_bb_port\"><div class=\"bt_bb_cell\"><div class=\"bt_bb_cell_inner\"><div class=\"bt_bb_row_wrapper\"><div  class=\"bt_bb_row\"  data-bt-override-class=\"{}\"><div  class=\"bt_bb_column col-xxl-12 col-xl-12 col-xs-12 col-sm-12 col-md-12 col-lg-12 bt_bb_vertical_align_top bt_bb_align_left bt_bb_padding_normal\"  data-width=\"12\" data-bt-override-class=\"{}\"><div class=\"bt_bb_column_content\"><div class=\"bt_bb_column_content_inner\"><div class=\"bt_bb_separator bt_bb_border_style_solid\" style=\"; border-width: 5px;color:#dd9933;border-color:#dd9933;\"><\/div><\/div><\/div><\/div><\/div><\/div><\/div><!-- cell_inner --><\/div><!-- cell --><\/div><!-- port --><\/section><section id=\"bt_bb_section69e019604640e\" class=\"bt_bb_section bt_bb_layout_boxed_1200 bt_bb_vertical_align_top bt_bb_highlighted_no\"  data-bt-override-class=\"null\"><div class=\"bt_bb_port\"><div class=\"bt_bb_cell\"><div class=\"bt_bb_cell_inner\"><div class=\"bt_bb_row_wrapper\"><div  class=\"bt_bb_row\"  data-bt-override-class=\"{}\"><div  class=\"bt_bb_column col-xxl-4 col-xl-4 col-xs-12 col-sm-12 col-md-12 col-lg-4 bt_bb_vertical_align_middle bt_bb_align_left bt_bb_padding_normal bt_bb_animation_fade_in animate bt_bb_highlighted_no\"  data-width=\"4\" data-bt-override-class=\"{&quot;bt_bb_align_&quot;:{&quot;current_class&quot;:&quot;bt_bb_align_left&quot;,&quot;xxl&quot;:&quot;left&quot;,&quot;xl&quot;:&quot;left&quot;},&quot;bt_bb_padding_&quot;:{&quot;current_class&quot;:&quot;bt_bb_padding_normal&quot;,&quot;xxl&quot;:&quot;normal&quot;,&quot;xl&quot;:&quot;normal&quot;}}\"><div class=\"bt_bb_column_content\"><div class=\"bt_bb_column_content_inner\"><div data-bb-version=\"4.9.1\" class=\"bt_bb_image bt_bb_shape_square bt_bb_target_self bt_bb_align_center bt_bb_hover_style_simple bt_bb_content_display_always bt_bb_content_align_middle\" data-bt-override-class=\"{&quot;bt_bb_align_&quot;:{&quot;current_class&quot;:&quot;bt_bb_align_center&quot;,&quot;xxl&quot;:&quot;center&quot;},&quot;bt_bb_content_display_&quot;:{&quot;current_class&quot;:&quot;bt_bb_content_display_always&quot;,&quot;xxl&quot;:&quot;always&quot;}}\"><span><img width=\"425\" height=\"436\" src=\"https:\/\/coex.mx\/wp-content\/uploads\/2024\/06\/06.jpg\" class=\"attachment-full size-full\" alt=\"https:\/\/coex.mx\/wp-content\/uploads\/2024\/06\/06.jpg\" decoding=\"async\" loading=\"lazy\" data-full_image_src=\"https:\/\/coex.mx\/wp-content\/uploads\/2024\/06\/06.jpg\" title=\"06\" srcset=\"https:\/\/coex.mx\/wp-content\/uploads\/2024\/06\/06.jpg 425w, https:\/\/coex.mx\/wp-content\/uploads\/2024\/06\/06-320x328.jpg 320w\" sizes=\"(max-width: 425px) 100vw, 425px\" \/><\/span><\/div><\/div><\/div><\/div><div  class=\"bt_bb_column col-xxl-8 col-xl-8 col-xs-12 col-sm-12 col-md-12 col-lg-8 bt_bb_vertical_align_middle bt_bb_align_left bt_bb_padding_double bt_bb_animation_fade_in animate bt_bb_highlighted_no\"  data-width=\"8\" data-bt-override-class=\"{&quot;bt_bb_align_&quot;:{&quot;current_class&quot;:&quot;bt_bb_align_left&quot;,&quot;xxl&quot;:&quot;left&quot;,&quot;xl&quot;:&quot;left&quot;}}\"><div class=\"bt_bb_column_content\"><div class=\"bt_bb_column_content_inner\"><div class=\"bt_bb_separator bt_bb_top_spacing_normal bt_bb_border_style_none\"><\/div><div  class=\"bt_bb_text\" ><blockquote><p>Somos una Agencia Aduanal que ofrece soluciones integrales, conformada por un grupo de agentes aduanales, con personal especializado y altamente capacitado para poder ofrecer soluciones expeditas en sus operaciones de importaci\u00f3n, exportaci\u00f3n y transporte de mercanc\u00edas a nivel internacional, por las aduanas mar\u00edtimas, terrestres y a\u00e9reas m\u00e1s importantes de este\u00a0 pa\u00eds.<\/p><\/blockquote>\n<\/div><div class=\"bt_bb_separator bt_bb_bottom_spacing_small bt_bb_border_style_none\"><\/div><header class=\"bt_bb_headline bt_bb_dash_none bt_bb_subheadline bt_bb_size_medium bt_bb_align_right\" style=\"float: Right;\" data-bt-override-class=\"{&quot;bt_bb_size_&quot;:{&quot;current_class&quot;:&quot;bt_bb_size_medium&quot;,&quot;xxl&quot;:&quot;medium&quot;,&quot;xl&quot;:&quot;medium&quot;},&quot;bt_bb_align_&quot;:{&quot;current_class&quot;:&quot;bt_bb_align_right&quot;,&quot;xxl&quot;:&quot;right&quot;,&quot;xl&quot;:&quot;right&quot;}}\"><h2 class=\"bt_bb_headline_tag\"><span class=\"bt_bb_headline_content\"><span>AA Ing. Rolando Ram\u00edrez Monroy<\/span><\/span><\/h2><div class=\"bt_bb_headline_subheadline\">Director General<\/div><\/header><div class=\"bt_bb_separator bt_bb_bottom_spacing_small bt_bb_border_style_none\"><\/div><\/div><\/div><\/div><\/div><\/div><\/div><!-- cell_inner --><\/div><!-- cell --><\/div><!-- port --><\/section><section id=\"bt_bb_section69e01960470f6\" class=\"bt_bb_section bt_bb_layout_boxed_1200 bt_bb_vertical_align_top bt_bb_top_spacing_small bt_bb_highlighted_no\"  data-bt-override-class=\"null\"><div class=\"bt_bb_port\"><div class=\"bt_bb_cell\"><div class=\"bt_bb_cell_inner\"><div class=\"bt_bb_row_wrapper\"><div  class=\"bt_bb_row\"  data-bt-override-class=\"{}\"><div  class=\"bt_bb_column col-xxl-4 col-xl-4 bt_bb_vertical_align_top bt_bb_align_right bt_bb_padding_normal bt_bb_animation_fade_in animate\"  data-width=\"4\" data-bt-override-class=\"{}\"><div class=\"bt_bb_column_content\"><div class=\"bt_bb_column_content_inner\"><header class=\"bt_bb_headline bt_bb_dash_top bt_bb_size_normal bt_bb_align_inherit\" data-bt-override-class=\"{&quot;bt_bb_size_&quot;:{&quot;current_class&quot;:&quot;bt_bb_size_normal&quot;,&quot;xxl&quot;:&quot;normal&quot;,&quot;xl&quot;:&quot;normal&quot;},&quot;bt_bb_align_&quot;:{&quot;current_class&quot;:&quot;bt_bb_align_inherit&quot;,&quot;xxl&quot;:&quot;inherit&quot;,&quot;xl&quot;:&quot;inherit&quot;}}\"><h2 class=\"bt_bb_headline_tag\"><span class=\"bt_bb_headline_content\"><span>Quienes somos<\/span><\/span><\/h2><\/header><div class=\"bt_bb_separator bt_bb_bottom_spacing_small bt_bb_border_style_none\"><\/div><\/div><\/div><\/div><div  class=\"bt_bb_column col-xxl-8 col-xl-8 bt_bb_vertical_align_top bt_bb_align_left bt_bb_padding_normal bt_bb_animation_fade_in animate\"  data-width=\"8\" data-bt-override-class=\"{}\"><div class=\"bt_bb_column_content\"><div class=\"bt_bb_column_content_inner\"><div  class=\"bt_bb_text\" ><p><span style=\"font-size: 18pt;\">Contamos\u00a0 con un\u00a0 equipo profesional para ofrecerles soluciones log\u00edsticas completas por las principales aduanas del pa\u00eds, ajust\u00e1ndose a los requerimientos\u00a0 y necesidades espec\u00edficas de los\u00a0 clientes, integrando nuestros servicios de modo sencillo con otros actores de comercio internacional como navieras, transportistas, reexpedidores. (fowarders) y terminales\u00a0 entre otros<\/span><\/p>\n<\/div><\/div><\/div><\/div><\/div><\/div><\/div><!-- cell_inner --><\/div><!-- cell --><\/div><!-- port --><\/section><section id=\"bt_bb_section69e0196047537\" class=\"bt_bb_section bt_bb_layout_boxed_1200 bt_bb_vertical_align_top bt_bb_top_spacing_small bt_bb_highlighted_no\"  data-bt-override-class=\"null\"><div class=\"bt_bb_port\"><div class=\"bt_bb_cell\"><div class=\"bt_bb_cell_inner\"><div class=\"bt_bb_row_wrapper\"><div  class=\"bt_bb_row\"  data-bt-override-class=\"{}\"><div  class=\"bt_bb_column col-xxl-4 col-xl-4 bt_bb_vertical_align_top bt_bb_align_right bt_bb_padding_normal bt_bb_animation_fade_in animate\"  data-width=\"4\" data-bt-override-class=\"{}\"><div class=\"bt_bb_column_content\"><div class=\"bt_bb_column_content_inner\"><header class=\"bt_bb_headline bt_bb_dash_top bt_bb_size_normal bt_bb_align_inherit\" data-bt-override-class=\"{&quot;bt_bb_size_&quot;:{&quot;current_class&quot;:&quot;bt_bb_size_normal&quot;,&quot;xxl&quot;:&quot;normal&quot;,&quot;xl&quot;:&quot;normal&quot;},&quot;bt_bb_align_&quot;:{&quot;current_class&quot;:&quot;bt_bb_align_inherit&quot;,&quot;xxl&quot;:&quot;inherit&quot;,&quot;xl&quot;:&quot;inherit&quot;}}\"><\/header><div class=\"bt_bb_separator bt_bb_bottom_spacing_small bt_bb_border_style_none\"><\/div><\/div><\/div><\/div><div  class=\"bt_bb_column col-xxl-8 col-xl-8 bt_bb_vertical_align_top bt_bb_align_left bt_bb_padding_normal bt_bb_animation_fade_in animate\"  data-width=\"8\" data-bt-override-class=\"{}\"><div class=\"bt_bb_column_content\"><div class=\"bt_bb_column_content_inner\"><div  class=\"bt_bb_text\" ><p><span style=\"font-size: 18pt;\">Desde 1990 al obtener la primera patente aduanal del grupo, hemos crecido hasta ahora a ser un grupo de 8 Agentes aduanales y ejecutivos experimentados para ofrecerles soluciones integrales.<\/span><\/p>\n<\/div><\/div><\/div><\/div><\/div><\/div><\/div><!-- cell_inner --><\/div><!-- cell --><\/div><!-- port --><\/section><section id=\"bt_bb_section69e01960477e2\" class=\"bt_bb_section bt_bb_layout_wide bt_bb_vertical_align_top bt_bb_top_spacing_medium bt_bb_bottom_spacing_medium bt_bb_highlighted_no\"  data-bt-override-class=\"null\"><div class=\"bt_bb_port\"><div class=\"bt_bb_cell\"><div class=\"bt_bb_cell_inner\"><div class=\"bt_bb_row_wrapper\"><div  class=\"bt_bb_row\"  data-bt-override-class=\"{}\"><div  class=\"bt_bb_column col-xxl-12 col-xl-12 bt_bb_vertical_align_top bt_bb_align_left bt_bb_padding_normal bt_bb_animation_fade_in animate\"  data-width=\"12\" data-bt-override-class=\"{}\"><div class=\"bt_bb_column_content\"><div class=\"bt_bb_column_content_inner\"><div class=\"bt_bb_content_slider bt_bb_gap_normal bt_bb_arrows_size_normal bt_bb_show_dots_below bt_bb_height_auto bt_bb_animation_slide bt_bb_multiple_slides bt_bb_animation_slide animate\" data-bt-override-class=\"{}\"><div class=\"slick-slider\"  data-slick='{ \"lazyLoad\": \"progressive\", \"cssEase\": \"ease-out\", \"speed\": \"600\", \"accessibility\": false, \"prevArrow\": \"&lt;button type=\\\"button\\\" class=\\\"slick-prev\\\" aria-label=\\\"Previous\\\" tabindex=\\\"0\\\" role=\\\"button\\\"&gt;&lt;\/button&gt;\", \"nextArrow\": \"&lt;button type=\\\"button\\\" class=\\\"slick-next\\\" aria-label=\\\"Next\\\" tabindex=\\\"0\\\" role=\\\"button\\\"&gt;&lt;\/button&gt;\", \"adaptiveHeight\": true, \"dots\": true,\"autoplay\": true, \"autoplaySpeed\": 2000,\"slidesToShow\": 3, \"responsive\": [{ \"breakpoint\": 480, \"settings\": { \"slidesToShow\": 1, \"slidesToScroll\": 1 } },{ \"breakpoint\": 768, \"settings\": { \"slidesToShow\": 2, \"slidesToScroll\": 2 } },{ \"breakpoint\": 992, \"settings\": { \"slidesToShow\": 3, \"slidesToScroll\": 3 } },{ \"breakpoint\": 1200, \"settings\": { \"slidesToShow\": 3, \"slidesToScroll\": 3 } },{ \"breakpoint\": 1400, \"settings\": { \"slidesToShow\": 3, \"slidesToScroll\": 3 } }]}' ><div class=\"bt_bb_content_slider_item\"><div class=\"bt_bb_content_slider_item_content content\"><div class=\"bt_bb_image bt_bb_shape_square bt_bb_target_self bt_bb_align_inherit bt_bb_hover_style_simple bt_bb_content_display_always bt_bb_content_align_middle\" data-bt-override-class=\"{}\"><span><img width=\"1200\" height=\"800\" src=\"https:\/\/coex.mx\/wp-content\/uploads\/2017\/03\/service_4.jpg\" class=\"attachment-full size-full\" alt=\"https:\/\/coex.mx\/wp-content\/uploads\/2017\/03\/service_4.jpg\" decoding=\"async\" data-full_image_src=\"https:\/\/coex.mx\/wp-content\/uploads\/2017\/03\/service_4.jpg\" title=\"service_4\" srcset=\"https:\/\/coex.mx\/wp-content\/uploads\/2017\/03\/service_4.jpg 1200w, https:\/\/coex.mx\/wp-content\/uploads\/2017\/03\/service_4-640x427.jpg 640w, https:\/\/coex.mx\/wp-content\/uploads\/2017\/03\/service_4-768x512.jpg 768w, https:\/\/coex.mx\/wp-content\/uploads\/2017\/03\/service_4-320x213.jpg 320w\" sizes=\"(max-width: 1200px) 100vw, 1200px\" \/><\/span><\/div><\/div><\/div><div class=\"bt_bb_content_slider_item\"><div class=\"bt_bb_content_slider_item_content content\"><div class=\"bt_bb_image bt_bb_shape_square bt_bb_target_self bt_bb_align_inherit bt_bb_hover_style_simple bt_bb_content_display_always bt_bb_content_align_middle\" data-bt-override-class=\"{}\"><span><img width=\"1200\" height=\"800\" src=\"https:\/\/coex.mx\/wp-content\/uploads\/2017\/03\/service_2.jpg\" class=\"attachment-full size-full\" alt=\"https:\/\/coex.mx\/wp-content\/uploads\/2017\/03\/service_2.jpg\" decoding=\"async\" data-full_image_src=\"https:\/\/coex.mx\/wp-content\/uploads\/2017\/03\/service_2.jpg\" title=\"service_2\" srcset=\"https:\/\/coex.mx\/wp-content\/uploads\/2017\/03\/service_2.jpg 1200w, https:\/\/coex.mx\/wp-content\/uploads\/2017\/03\/service_2-640x427.jpg 640w, https:\/\/coex.mx\/wp-content\/uploads\/2017\/03\/service_2-768x512.jpg 768w, https:\/\/coex.mx\/wp-content\/uploads\/2017\/03\/service_2-320x213.jpg 320w\" sizes=\"(max-width: 1200px) 100vw, 1200px\" \/><\/span><\/div><\/div><\/div><div class=\"bt_bb_content_slider_item\"><div class=\"bt_bb_content_slider_item_content content\"><div class=\"bt_bb_image bt_bb_shape_square bt_bb_target_self bt_bb_align_inherit bt_bb_hover_style_simple bt_bb_content_display_always bt_bb_content_align_middle\" data-bt-override-class=\"{}\"><span><img width=\"1200\" height=\"800\" src=\"https:\/\/coex.mx\/wp-content\/uploads\/2017\/03\/service_3.jpg\" class=\"attachment-full size-full\" alt=\"https:\/\/coex.mx\/wp-content\/uploads\/2017\/03\/service_3.jpg\" decoding=\"async\" data-full_image_src=\"https:\/\/coex.mx\/wp-content\/uploads\/2017\/03\/service_3.jpg\" title=\"service_3\" srcset=\"https:\/\/coex.mx\/wp-content\/uploads\/2017\/03\/service_3.jpg 1200w, https:\/\/coex.mx\/wp-content\/uploads\/2017\/03\/service_3-640x427.jpg 640w, https:\/\/coex.mx\/wp-content\/uploads\/2017\/03\/service_3-768x512.jpg 768w, https:\/\/coex.mx\/wp-content\/uploads\/2017\/03\/service_3-320x213.jpg 320w\" sizes=\"(max-width: 1200px) 100vw, 1200px\" \/><\/span><\/div><\/div><\/div><div class=\"bt_bb_content_slider_item\"><div class=\"bt_bb_content_slider_item_content content\"><div class=\"bt_bb_image bt_bb_shape_square bt_bb_target_self bt_bb_align_inherit bt_bb_hover_style_simple bt_bb_content_display_always bt_bb_content_align_middle\" data-bt-override-class=\"{}\"><span><img width=\"1200\" height=\"800\" src=\"https:\/\/coex.mx\/wp-content\/uploads\/2017\/04\/service_5.jpg\" class=\"attachment-full size-full\" alt=\"https:\/\/coex.mx\/wp-content\/uploads\/2017\/04\/service_5.jpg\" decoding=\"async\" data-full_image_src=\"https:\/\/coex.mx\/wp-content\/uploads\/2017\/04\/service_5.jpg\" title=\"service_5\" srcset=\"https:\/\/coex.mx\/wp-content\/uploads\/2017\/04\/service_5.jpg 1200w, https:\/\/coex.mx\/wp-content\/uploads\/2017\/04\/service_5-640x427.jpg 640w, https:\/\/coex.mx\/wp-content\/uploads\/2017\/04\/service_5-768x512.jpg 768w, https:\/\/coex.mx\/wp-content\/uploads\/2017\/04\/service_5-320x213.jpg 320w\" sizes=\"(max-width: 1200px) 100vw, 1200px\" \/><\/span><\/div><\/div><\/div><div class=\"bt_bb_content_slider_item\"><div class=\"bt_bb_content_slider_item_content content\"><div class=\"bt_bb_image bt_bb_shape_square bt_bb_target_self bt_bb_align_inherit bt_bb_hover_style_simple bt_bb_content_display_always bt_bb_content_align_middle\" data-bt-override-class=\"{&quot;bt_bb_align_&quot;:{&quot;current_class&quot;:&quot;bt_bb_align_inherit&quot;,&quot;xxl&quot;:&quot;inherit&quot;,&quot;xl&quot;:&quot;inherit&quot;}}\"><span><img width=\"1200\" height=\"800\" src=\"https:\/\/coex.mx\/wp-content\/uploads\/2021\/03\/03-Tren.jpg\" class=\"attachment-full size-full\" alt=\"Tren\" decoding=\"async\" loading=\"lazy\" data-full_image_src=\"https:\/\/coex.mx\/wp-content\/uploads\/2021\/03\/03-Tren.jpg\" title=\"Tren\" srcset=\"https:\/\/coex.mx\/wp-content\/uploads\/2021\/03\/03-Tren.jpg 1200w, https:\/\/coex.mx\/wp-content\/uploads\/2021\/03\/03-Tren-640x427.jpg 640w, https:\/\/coex.mx\/wp-content\/uploads\/2021\/03\/03-Tren-768x512.jpg 768w, https:\/\/coex.mx\/wp-content\/uploads\/2021\/03\/03-Tren-320x213.jpg 320w\" sizes=\"(max-width: 1200px) 100vw, 1200px\" \/><\/span><\/div><\/div><\/div><div class=\"bt_bb_content_slider_item\"><div class=\"bt_bb_content_slider_item_content content\"><div class=\"bt_bb_image bt_bb_shape_square bt_bb_target_self bt_bb_align_inherit bt_bb_hover_style_simple bt_bb_content_display_always bt_bb_content_align_middle\" data-bt-override-class=\"{&quot;bt_bb_align_&quot;:{&quot;current_class&quot;:&quot;bt_bb_align_inherit&quot;,&quot;xxl&quot;:&quot;inherit&quot;,&quot;xl&quot;:&quot;inherit&quot;}}\"><span><img width=\"1200\" height=\"800\" src=\"https:\/\/coex.mx\/wp-content\/uploads\/2021\/03\/05-Trailer.jpg\" class=\"attachment-full size-full\" alt=\"Tr\u00e1iler\" decoding=\"async\" loading=\"lazy\" data-full_image_src=\"https:\/\/coex.mx\/wp-content\/uploads\/2021\/03\/05-Trailer.jpg\" title=\"Tr\u00e1iler\" srcset=\"https:\/\/coex.mx\/wp-content\/uploads\/2021\/03\/05-Trailer.jpg 1200w, https:\/\/coex.mx\/wp-content\/uploads\/2021\/03\/05-Trailer-640x427.jpg 640w, https:\/\/coex.mx\/wp-content\/uploads\/2021\/03\/05-Trailer-768x512.jpg 768w, https:\/\/coex.mx\/wp-content\/uploads\/2021\/03\/05-Trailer-320x213.jpg 320w\" sizes=\"(max-width: 1200px) 100vw, 1200px\" \/><\/span><\/div><\/div><\/div><\/div><\/div><\/div><\/div><\/div><\/div><\/div><\/div><!-- cell_inner --><\/div><!-- cell --><\/div><!-- port --><\/section>","protected":false},"excerpt":{"rendered":"<p>Our cargo company offers tailor-made solutions to different industries. Every industry has its unique features.<\/p>\n","protected":false},"author":2,"featured_media":316,"parent":0,"menu_order":0,"comment_status":"closed","ping_status":"closed","template":"","meta":[],"_links":{"self":[{"href":"https:\/\/coex.mx\/index.php?rest_route=\/wp\/v2\/pages\/8"}],"collection":[{"href":"https:\/\/coex.mx\/index.php?rest_route=\/wp\/v2\/pages"}],"about":[{"href":"https:\/\/coex.mx\/index.php?rest_route=\/wp\/v2\/types\/page"}],"author":[{"embeddable":true,"href":"https:\/\/coex.mx\/index.php?rest_route=\/wp\/v2\/users\/2"}],"replies":[{"embeddable":true,"href":"https:\/\/coex.mx\/index.php?rest_route=%2Fwp%2Fv2%2Fcomments&post=8"}],"version-history":[{"count":33,"href":"https:\/\/coex.mx\/index.php?rest_route=\/wp\/v2\/pages\/8\/revisions"}],"predecessor-version":[{"id":4080,"href":"https:\/\/coex.mx\/index.php?rest_route=\/wp\/v2\/pages\/8\/revisions\/4080"}],"wp:featuredmedia":[{"embeddable":true,"href":"https:\/\/coex.mx\/index.php?rest_route=\/wp\/v2\/media\/316"}],"wp:attachment":[{"href":"https:\/\/coex.mx\/index.php?rest_route=%2Fwp%2Fv2%2Fmedia&parent=8"}],"curies":[{"name":"wp","href":"https:\/\/api.w.org\/{rel}","templated":true}]}}